igit of 1173755?
7
What is the units digit of 9971018?
8
What is the hundreds digit of 14281328?
3
What is the hundred thousands digit of 19676423?
6
What is the ten thousands digit of 94260?
9
What is the hundreds digit of 2779512?
5
What is the units digit of 3066957?
7
What is the thousands digit of 200107?
0
What is the hundred thousands digit of 1090711?
0
What is the hundreds digit of 219882?
8
What is the hundreds digit of 1750539?
5
What is the thousands digit of 1659096?
9
What is the ten thousands digit of 7330438?
3
What is the units digit of 1697579?
9
What is the hundreds digit of 771734?
7
What is the hundred thousands digit of 249353?
2
What is the units digit of 1075001?
1
What is the thousands digit of 49560?
9
What is the tens digit of 937145?
4
What is the hundred thousands digit of 5420306?
4
What is the thousands digit of 342530?
2
What is the hundred thousands digit of 3701274?
7
What is the units digit of 34813?
3
What is the thousands digit of 1499068?
9
What is the thousands digit of 172242?
2
What is the millions digit of 11009251?
1
What is the ten millions digit of 12195598?
1
What is the hundred thousands digit of 835787?
8
What is the hundreds digit of 1990219?
2
What is the millions digit of 7907716?
7
What is the ten millions digit of 15187708?
1
What is the hundred thousands digit of 316019?
3
What is the thousands digit of 241666?
1
What is the units digit of 12208649?
9
What is the ten millions digit of 15512024?
1
What is the hundreds digit of 1844686?
6
What is the units digit of 5722504?
4
What is the tens digit of 24343807?
0
What is the units digit of 197743?
3
What is the units digit of 23934867?
7
What is the thousands digit of 1339743?
9
What is the hundreds digit of 2068076?
0
What is the thousands digit of 692101?
2
What is the hundred thousands digit of 321718?
3
What is the hundreds digit of 553075?
0
What is the units digit of 9516174?
4
What is the hundred thousands digit of 1325451?
3
What is the hundred thousands digit of 399004?
3
What is the ten thousands digit of 1422415?
2
What is the units digit of 672578?
8
What is the tens digit of 154135?
3
What is the hundreds digit of 280071?
0
What is the thousands digit of 4099772?
9
What is the units digit of 19555134?
4
What is the ten thousands digit of 546103?
4
What is the thousands digit of 561357?
1
What is the hundreds digit of 921440?
4
What is the hundreds digit of 3303824?
8
What is the ten thousands digit of 480452?
8
What is the hundreds digit of 880646?
6
What is the tens digit of 2442245?
4
What is the thousands digit of 441349?
1
What is the units digit of 4660889?
9
What is the tens digit of 3177146?
4
What is the hundred thousands digit of 766937?
7
What is the hundred thousands digit of 982760?
9
What is the thousands digit of 1575400?
5
What is the hundreds digit of 106495?
4
What is the hundreds digit of 149343?
3
What is the thousands digit of 6768061?
8
What is the thousands digit of 40367?
0
What is the hundreds digit of 1670548?
5
What is the units digit of 3205287?
7
What is the units digit of 1924193?
3
What is the ten thousands digit of 1383775?
8
What is the tens digit of 1589?
8
What is the units digit of 3563506?
6
What is the hundred thousands digit of 10694638?
6
What is the units digit of 2011641?
1
What is the hundred thousands digit of 214977?
2
What is the thousands digit of 527162?
7
What is the thousands digit of 183888?
3
What is the ten thousands digit of 240698?
4
What is the hundreds digit of 4222605?
6
What is the hundred thousands digit of 1732769?
7
What is the hundred thousands digit of 6926679?
9
What is the tens digit of 8309053?
5
What is the hundred thousands digit of 3362708?
3
What is the hundred thousands digit of 1496390?
4
What is the units digit of 4180183?
3
What is the ten thousands digit of 5710902?
1
What is the hundreds digit of 3151407?
4
What is the thousands digit of 188068?
8
What is the units digit of 2069?
9
What is the hundred thousands digit of 1083327?
0
What is the hundred thousands digit of 2546759?
5
What is the units digit of 3004417?
7
What is the tens digit of 1673310?
1
What is the tens digit of 16588664?
6
What is the tens digit of 3252570?
7
What is the tens digit of 1491541?
4
What is the tens digit of 14865?
6
What is the millions digit of 19443234?
9
What is the hundreds digit of 125071?
0
What is the units digit of 1382414?
4
What is the ten thousands digit of 68027?
6
What is the tens digit of 241291?
9
What is the thousands digit of 686054?
6
What is the tens digit of 945979?
7
What is the hundreds digit of 652146?
1
What is the millions digit of 17687584?
7
What is the hundreds digit of 417993?
9
What is the hundreds digit of 4307675?
6
What is the ten millions digit of 11313364?
1
What is the units digit of 6534928?
8
What is the hundred thousands digit of 2490391?
4
What is the tens digit of 1432289?
8
What is the hundred thousands digit of 227944?
2
What is the ten thousands digit of 1669363?
6
What is the hundred thousands digit of 2397782?
3
What is the thousands digit of 604531?
4
What is the tens digit of 635689?
8
What is the hundred thousands digit of 140659?
1
What is the units digit of 448744?
4
What is the units digit of 514430?
0
What is the tens digit of 1079535?
3
What is the ten thousands digit of 936259?
3
What is the millions digit of 3054028?
3
What is the tens digit of 1253825?
2
What is the tens digit of 2982632?
3
What is the tens digit of 1388856?
5
What is the hundred thousands digit of 411844?
4
What is the hundreds digit of 537?
5
What is the tens digit of 3512215?
1
What is the ten thousands digit of 266796?
6
What is the hundred thousands digit of 1810842?
8
What is the units digit of 4821?
1
What is the millions digit of 7146481?
7
What is the hundreds digit of 1492233?
2
What is the hundred thousands digit of 3149201?
1
What is the units digit of 371605?
5
What is the hundred thousands digit of 928107?
9
What is the thousands digit of 78419?
8
What is the hundred thousands digit of 6340457?
3
What is the units digit of 210053?
3
What is the millions digit of 14749218?
4
What is the hundred thousands digit of 2271939?
2
What is the thousands digit of 4952438?
2
What is the ten thousands digit of 4730466?
3
What is the ten thousands digit of 8771682?
7
What is the units digit of 2082095?
5
What is the ten thousands digit of 885037?
8
What is the ten thousands digit of 176525?
7
What is the ten thousands digit of 422255?
2
What is the ten thousands digit of 342107?
4
What is the tens digit of 12627191?
9
What is the ten thousands digit of 896926?
9
What is the hundreds digit of 142302?
3
What is the ten thousands digit of 78025?
7
What is the thousands digit of 1172059?
2
What is the thousands digit of 66247?
6
What is the hundreds digit of 73932?
9
What is the units digit of 962343?
3
What is the hundreds digit of 153347?
3
What is the ten thousands digit of 9669183?
6
What is the hundreds digit of 135070?
0
What is the tens digit of 121458?
5
What is the units digit of 944203?
3
What is the hundred thousands digit of 175714?
1
What is the ten thousands digit of 729193?
2
What is the hundreds digit of 501962?
9
What is the millions digit of 1635155?
1
What is the ten thousands digit of 2629010?
2
What is the millions digit of 10839553?
0
What is the hundred thousands digit of 506596?
5
What is the millions digit of 7341912?
7
What is the units digit of 2146115?
5
What is the millions digit of 2522168?
2
What is the ten thousands digit of 1898081?
9
What is the thousands digit of 324456?
4
What is the hundred thousands digit of 4842639?
8
What is the hundred thousands digit of 12376420?
3
What is the thousands digit of 3838746?
8
What is the ten thousands digit of 69497?
6
What is the millions digit of 1216608?
1
What is the hundred thousands digit of 3948031?
9
What is the hundreds digit of 202286?
2
What is the millions digit of 5899538?
5
What is the hundreds digit of 3382651?
6
What is the ten thousands digit of 2220829?
2
What is the ten millions digit of 22916635?
2
What is the units digit of 2644571?
1
What is the units digit of 269319?
9
What is the tens digit of 770443?
4
What is the tens digit of 233659?
5
What is the ten